-50. What is the remainder when c is divided by o?
7
Let c(q) be the second derivative of q**4/3 - q**3/3 - 9*q**2/2 + 28*q. Calculate the remainder when c(5) is divided by 17.
13
Suppose -2*u + 124 = -12*y + 13*y, -2*u - 5*y + 132 = 0. What is the remainder when u is divided by 21?
19
Let l be 6 + 1 + 3 - 3. Let x(d) = d**2 - 6*d - 3. Calculate the remainder when (-3)/(-15) + (-108)/(-10) is divided by x(l).
3
Let o = -206 + 215. Calculate the remainder when o is divided by 4.
1
Let p = -150 - -279. Let r = -49 + 52. Suppose r*z - 87 = 12. What is the remainder when p is divided by z?
30
Let w = 1754 + -1731. What is the remainder when 59 is divided by w?
13
Suppose a = 4*p - 339, 3*p - 257 = -4*a + 2*a. Let y be ((-3)/(-2))/((-27)/(-396)). Suppose 0 = 4*t - y*t + 396. What is the remainder when p is divided by t?
19
Let k(a) = a**2 + 12*a + 2. Let i be k(-9). Let w = -11 - i. What is the remainder when w is divided by 8?
6
Let x = 11 - 6. Suppose -x*p - 33 = -5*a + 22, -63 = -5*a + 3*p. Let v(h) = 8*h**2 + 90*h - 15. Calculate the remainder when v(-12) is divided by a.
12
Suppose -3*w = -2*k + 29, -10*w - 31 = -2*k - 9*w. Calculate the remainder when 290 is divided by k.
2
Let q = 41 - 13. Let c = -178 - -287. What is the remainder when c is divided by q?
25
Suppose 2*d - 40 = d - 4*q, 4*q - 128 = -3*d. Let j = 75 - d. Calculate the remainder when j is divided by 32/4 + 1*3.
9
Suppose -4*a - 28 = 4*f, 3*a - 3*f - 7 = -a. What is the remainder when (3 - -42) + (0 - (a - -1)) is divided by 11?
2
Let n be (9 + -3)/((-5)/(-5)). Let t = n + -3. Suppose -t*y = 4*y - 63. Calculate the remainder when y is divided by 3.
0
Let k = 498 - 391. Calculate the remainder when k is divided by 7.
2
Let v(k) = 41*k**2 - 7*k + 19. Calculate the remainder when v(3) is divided by 23.
22
Suppose 5*h = 144 + 76. Suppose -3*t + 13*t - 30 = 0. What is the remainder when h is divided by t?
2
Suppose 388*q - 371*q - 731 = 0. Calculate the remainder when 54 is divided by q.
11
Suppose s = -5*h - 2, -3 = -3*h - s - s. Calculate the remainder when 82 is divided by (1 - 51/(-12))*(h - -5).
19
Let k(u) = 3*u**3 - 16*u**2 + 20*u - 20. What is the remainder when k(6) is divided by 44?
40
Let n = 378 + -357. Calculate the remainder when n is divided by 8.
5
Let n(x) = -39*x + 2. Let m = 133 + -66. Suppose 0 = -5*o - 2*y - 19 + 83, -5*o = y - m. What is the remainder when n(-1) is divided by o?
13
Let w = -19 - -37. Suppose 4*b - 160 = -4*p, 4*p - 3*p = -3*b + 110. Let q = b - w. What is the remainder when q is divided by 5?
2
Suppose -237 = -3*p - 5*a, -2*p - 2*a + 86 = -72. What is the remainder when p is divided by 14?
9
Let p(s) = -6*s - 22. Let i be p(-4). Suppose -i*n = 3*n - 15. What is the remainder when 6 is divided by n?
0
Suppose 5*m - 470 = -5*q, 3*q + 4*m - 5*m - 278 = 0. Suppose -5*l + q = 4*r, 0 = 2*r + 2*l - 3*l - 57. What is the remainder when r is divided by 15?
12
Suppose 107*f = -108981 + 373164. What is the remainder when f is divided by 130?
129
Suppose -b = -15 - 291. Suppose -9 - b = -5*h. What is the remainder when h is divided by 13?
11
Let a = 16684 - 16568. Calculate the remainder when a is divided by 2/4 - 234/(-4).
57
Let o = 51 - 12. Let r(b) = 6*b**2 + 3*b + 2. Let m = -9 + 7. What is the remainder when o is divided by r(m)?
19
Suppose 5*y + 142 = -l + 5*l, -3*l + 5*y + 114 = 0. What is the remainder when l is divided by 48/6*3/4?
4
Suppose -23*u - 108 = -29*u. Let f(z) = -17*z**3 - z**2 - 1. Let w be f(-2). Let h = w + -61. Calculate the remainder when h is divided by u.
16
Let j(r) = -r + 10. Calculate the remainder when j(-15) is divided by 6.
1
Let l be 0*(-1 - (-3)/6). Let z(k) = -4*k**2 + 16. Let n(m) = 11*m**2 - 47. Let j(p) = -3*n(p) - 8*z(p). What is the remainder when j(l) is divided by 8?
5
Let l be 5/(-35) + 617/7. Let k = -71 + l. What is the remainder when 28 is divided by k?
11
Let d = -120 + 192. Let f = d - 39. Let x = 40 + -28. Calculate the remainder when f is divided by x.
9
Suppose -k + 4*k - 6 = 0. What is the remainder when 27 is divided by (-2)/(-2)*(13 + k)?
12
Suppose 0 = 5*y - u - 70, -3*u - 57 + 15 = -3*y. Suppose 4*r - 3*l - 168 = 0, -5*r - l - 160 = -9*r. What is the remainder when r is divided by y?
11
Let y(g) = g + 6. Let m be y(-8). What is the remainder when 37 is divided by m + 0 + 3 + 7?
5
Suppose -3*f + 5*v + 127 = -5*f, 0 = -3*v + 3. Let h(u) = -2*u + 46. Calculate the remainder when h(10) is divided by f/(-10) - 4/(-10).
5
What is the remainder when 38 is divided by ((-46)/(-46))/(1/21)?
17
Suppose 0 = -5*u - 25, 3*y - 11*u = -10*u + 35. What is the remainder when 137 is divided by y?
7
Suppose -11*a + 330 = -5203. What is the remainder when a is divided by 63?
62
Suppose -3*w - 5*n + 704 = 0, 30*n + 892 = 4*w + 25*n. Calculate the remainder when w is divided by 76.
0
Suppose -56 = -y - 5*w, 0*y - 5*w = 5*y - 300. Let f(d) = d**2 - d - 35. Calculate the remainder when y is divided by f(8).
19
Let p = -1141 + 1158. Let r(a) = a**3 + 11*a**2 + 11*a + 15. Let y be r(-10). Suppose -2*u + 3 = u, 4*u + y = d. What is the remainder when p is divided by d?
8
Let z(b) = b**2 - 4*b - 18. Calculate the remainder when 566 is divided by z(-4).
6
Let n(j) = -j**2 - 7*j - 1. Suppose 0 = g + 2*g + 15. Suppose 175*v = 186*v - 176. What is the remainder when v is divided by n(g)?
7
Calculate the remainder when (-388)/(-3)*(-6)/(-4) is divided by (-284)/(-10) + 12/(-30).
26
Calculate the remainder when (779/(-19))/(2/(-16)) is divided by 66.
64
Let s(b) = -b - 13. Let r be s(-15). Suppose -7*t + r*t = -145. What is the remainder when t is divided by 17?
12
Let z = 128 + -58. Suppose 0 = -0*k - 5*k + z. Calculate the remainder when 26 is divided by k.
12
Suppose 1746 + 432 = -18*o. Let h = o - -130. Suppose -g + 0*g + 3 = 0. Calculate the remainder when h is divided by g.
0
Let f be (-11)/(-3) + (-6)/(-18). Suppose d - 51 = -f*p, -5*p + p = -5*d + 135. Calculate the remainder when d is divided by 11.
9
Suppose 4 = -s + 9. Suppose s*o = 3*o - 18. Let l = o - -10. What is the remainder when l is divided by 1?
0
Suppose 2*t + 3 = 195. Suppose 2*j + 2 = t. What is the remainder when j is divided by 13?
8
Let q(b) = -b**3 - 32*b**2 - 68*b - 2. What is the remainder when q(-30) is divided by 20?
18
Suppose -5*d - 2745 = -5*m, 2746 = 7*m - 2*m - 4*d. Suppose -4*x - x - 5*w = -m, 4*x - 4*w - 472 = 0. What is the remainder when x is divided by 23?
22
Suppose 357 + 275 = 8*x. Calculate the remainder when x is divided by 29.
21
Let b = -127 - -157. What is the remainder when (-465)/(-9) - 1/(-3) is divided by b?
22
Suppose -4*f + 5*b + 100 = 0, 8 + 56 = 4*f + 4*b. What is the remainder when 37 is divided by f?
17
Let v(w) = 2*w + 6. What is the remainder when 365 is divided by v(0)?
5
Suppose 3*s = s - 88. Let k = s - -61. Calculate the remainder when (-338)/(-7) + 2/(-7) is divided by k.
14
Let a(r) = r**3 + 14*r**2 + 9*r - 16. What is the remainder when (-2 + (3 - 3))*(4 + -93) is divided by a(-13)?
34
Let g(c) = 3*c**2 + 41*c - 283. Calculate the remainder when g(8) is divided by 46.
7
Let h = -7 + -5. Let i = -11 - h. Let g(l) = 52*l - 1. What is the remainder when g(i) is divided by 13?
12
Let r = 793 + -660. What is the remainder when 408 is divided by r?
9
Let s = 301 - 282. What is the remainder when 53 is divided by s?
15
Calculate the remainder when 6/(-5)*45/18 - -217 is divided by 43.
42
What is the remainder when 373 is divided by 87/145 + 242/5 + -2?
44
Let c(m) = -m**2 + 9*m + 87. Calculate the remainder when 60 is divided by c(14).
9
Let k be 3 + -2 + (0 - -3). Suppose k*r = 6*r - 90. What is the remainder when r is divided by 12?
9
Let h(p) be the first derivative of p**3/3 + 4*p**2 - 7*p + 29. What is the remainder when 115 is divided by h(2)?
11
Suppose 5*k - 3*k - 100 = 0. Let q(j) = 18*j**2 + j. Suppose -2*i - 3 = -1. What is the remainder when k is divided by q(i)?
16
Suppose -27*v + 750 = -2*v. Calculate the remainder when v is divided by 8.
6
Suppose -144 = -14*u - 10*u. Calculate the remainder when 42 is divided by u.
0
Suppose 0 = 2*u - 40 + 32. Suppose 5*r = -u*r + 9. Let i = 3 + -2. What is the remainder when r is divided by i?
0
Let v = 10 + 1. Let a(t) = -t**2 + 17*t - 9. Calculate the remainder when a(